{"version":"1.0","provider_name":"Cudeca Cancer Care Hospice","provider_url":"https:\/\/www.cudeca.org\/en","title":"Successful 1st Coffee Morning at Mam&#225; Carmen Caf&#233; - Cudeca Cancer Care Hospice","type":"rich","width":600,"height":338,"html":"<blockquote class=\"wp-embedded-content\"><a href=\"https:\/\/www.cudeca.org\/en\/actualidad\/successful-1st-coffee-morning-at-mam-carmen-caf\/\">Successful 1st Coffee Morning at Mam&#225; Carmen Caf&#233;<\/a><\/blockquote>\n<script type='text\/javascript'>\n<!--\/\/--><![CDATA[\/\/><!--\n\t\t\/*! This file is auto-generated *\/\n\t\t!function(d,l){\"use strict\";var e=!1,n=!1;if(l.querySelector)if(d.addEventListener)e=!0;if(d.wp=d.wp||{},!d.wp.receiveEmbedMessage)if(d.wp.receiveEmbedMessage=function(e){var t=e.data;if(t)if(t.secret||t.message||t.value)if(!\/[^a-zA-Z0-9]\/.test(t.secret)){for(var r,i,a,s=l.querySelectorAll('iframe[data-secret=\"'+t.secret+'\"]'),n=l.querySelectorAll('blockquote[data-secret=\"'+t.secret+'\"]'),o=new RegExp(\"^https?:$\",\"i\"),c=0;c<n.length;c++)n[c].style.display=\"none\";for(c=0;c<s.length;c++)if(r=s[c],e.source===r.contentWindow){if(r.removeAttribute(\"style\"),\"height\"===t.message){if(1e3<(a=parseInt(t.value,10)))a=1e3;else if(~~a<200)a=200;r.height=a}if(\"link\"===t.message)if(i=l.createElement(\"a\"),a=l.createElement(\"a\"),i.href=r.getAttribute(\"src\"),a.href=t.value,o.test(a.protocol))if(a.host===i.host)if(l.activeElement===r)d.top.location.href=t.value}}},e)d.addEventListener(\"message\",d.wp.receiveEmbedMessage,!1),l.addEventListener(\"DOMContentLoaded\",t,!1),d.addEventListener(\"load\",t,!1);function t(){if(!n){n=!0;for(var e,t,r=-1!==navigator.appVersion.indexOf(\"MSIE 10\"),i=!!navigator.userAgent.match(\/Trident.*rv:11\\.\/),a=l.querySelectorAll(\"iframe.wp-embedded-content\"),s=0;s<a.length;s++){if(!(e=a[s]).getAttribute(\"data-secret\"))t=Math.random().toString(36).substr(2,10),e.src+=\"#?secret=\"+t,e.setAttribute(\"data-secret\",t);if(r||i)(t=e.cloneNode(!0)).removeAttribute(\"security\"),e.parentNode.replaceChild(t,e)}}}}(window,document);\n\/\/--><!]]>\n<\/script><iframe sandbox=\"allow-scripts\" security=\"restricted\" src=\"https:\/\/www.cudeca.org\/en\/actualidad\/successful-1st-coffee-morning-at-mam-carmen-caf\/embed\/\" width=\"600\" height=\"338\" title=\"&#8220;Successful 1st Coffee Morning at Mam&#225; Carmen Caf&#233;&#8221; &#8212; Cudeca Cancer Care Hospice\" frameborder=\"0\" marginwidth=\"0\" marginheight=\"0\" scrolling=\"no\" class=\"wp-embedded-content\"><\/iframe>","description":"The 1st Edition of the Coffee Mornings at Mam\u00e1 Carmen Caf\u00e9 was launched in Torremolinos last 28th October at the Mam\u00e1 Carmen Caf\u00e9 in Torremolinos from 11am till 1pm to help us. \u00a0 This has been the first time for the Mam\u00e1 Carmen Caf\u00e9 in organizing this wonderful morning and they were delighted receiving all [&hellip;]"}

The 1st Edition of the Coffee Mornings at Mamá Carmen Café was launched in Torremolinos last 28th October at the Mamá Carmen Café in Torremolinos from 11am till 1pm to help us.   This has been the first time for the Mamá Carmen Café in organizing this wonderful morning and they were delighted receiving all [&hellip;]
